.
2, 7, 11, 4099
List the prime factors of 5964088.
2, 13, 57347
What are the prime factors of 11923613?
13, 17, 163, 331
What are the prime factors of 40434?
2, 3, 23, 293
List the prime factors of 163884.
2, 3, 7, 1951
List the prime factors of 1081778.
2, 17, 31817
List the prime factors of 380780.
2, 5, 79, 241
What are the prime factors of 88574?
2, 67, 661
List the prime factors of 93920.
2, 5, 587
What are the prime factors of 318794?
2, 7, 3253
What are the prime factors of 28679?
7, 17, 241
What are the prime factors of 22044016?
2, 1377751
List the prime factors of 3426768.
2, 3, 53, 449
What are the prime factors of 17264261?
7, 2466323
List the prime factors of 478552.
2, 41, 1459
What are the prime factors of 32438284?
2, 1619, 5009
List the prime factors of 10922706.
2, 3, 47, 12911
List the prime factors of 398487.
3, 19, 6991
What are the prime factors of 21492139?
241, 257, 347
List the prime factors of 123030.
2, 3, 5, 1367
What are the prime factors of 3948870?
2, 3, 5, 23, 59, 97
List the prime factors of 1930477.
1930477
What are the prime factors of 3111331?
3111331
What are the prime factors of 603664?
2, 29, 1301
What are the prime factors of 335562?
2, 3, 55927
List the prime factors of 1907951.
1033, 1847
List the prime factors of 955604.
2, 13, 17, 23, 47
What are the prime factors of 2031489?
3, 225721
List the prime factors of 160710.
2, 3, 5, 11, 487
What are the prime factors of 513054?
2, 3, 3167
What are the prime factors of 6910470?
2, 3, 5, 7, 1567
What are the prime factors of 2373434?
2, 7, 169531
List the prime factors of 5967.
3, 13, 17
List the prime factors of 9233.
7, 1319
What are the prime factors of 1641743?
317, 5179
List the prime factors of 43268.
2, 29, 373
What are the prime factors of 222034?
2, 19, 5843
What are the prime factors of 140695?
5, 19, 1481
List the prime factors of 4990591.
4990591
List the prime factors of 196507.
37, 47, 113
What are the prime factors of 221517?
3, 151, 163
What are the prime factors of 245289?
3, 11, 7433
What are the prime factors of 476444?
2, 19, 6269
What are the prime factors of 8942190?
2, 3, 5, 347, 859
What are the prime factors of 7855603?
7, 73, 15373
List the prime factors of 133353.
3, 11, 449
What are the prime factors of 13749639?
3, 4583213
List the prime factors of 2515170.
2, 3, 5, 7, 29, 59
List the prime factors of 52628.
2, 59, 223
What are the prime factors of 11050567?
11, 271, 337
What are the prime factors of 3691382?
2, 127, 14533
List the prime factors of 10959334.
2, 5479667
What are the prime factors of 10088303?
167, 193, 313
What are the prime factors of 19450622?
2, 181, 53731
What are the prime factors of 7878300?
2, 3, 5, 26261
What are the prime factors of 1441542?
2, 3, 240257
List the prime factors of 3822789.
3, 107, 11909
What are the prime factors of 2436582?
2, 3, 59, 6883
List the prime factors of 610210.
2, 5, 139, 439
List the prime factors of 1182870.
2, 3, 5, 13, 337
What are the prime factors of 1830240?
2, 3, 5, 31, 41
What are the prime factors of 87429?
3, 151, 193
What are the prime factors of 201796?
2, 7, 7207
List the prime factors of 576878.
2, 17, 19, 47
List the prime factors of 212651.
212651
List the prime factors of 477886.
2, 238943
List the prime factors of 300871.
43, 6997
What are the prime factors of 2539543?
2539543
List the prime factors of 281766.
2, 3, 151, 311
What are the prime factors of 1895485?
5, 379097
What are the prime factors of 1505945?
5, 7, 17, 2531
What are the prime factors of 34086491?
34086491
What are the prime factors of 4685132?
2, 17, 68899
What are the prime factors of 1279323?
3, 41, 3467
List the prime factors of 14986797.
3, 7, 269, 379
What are the prime factors of 205210?
2, 5, 20521
List the prime factors of 211386.
2, 3, 7, 719
What are the prime factors of 4167610?
2, 5, 416761
List the prime factors of 356881.
7, 17, 2999
What are the prime factors of 688611?
3, 7, 11, 271
List the prime factors of 1416533.
47, 30139
List the prime factors of 6830595.
3, 5, 19, 2663
List the prime factors of 723832.
2, 173, 523
List the prime factors of 2159825.
5, 19, 4547
What are the prime factors of 716495?
5, 13, 73, 151
What are the prime factors of 30182120?
2, 5, 83, 9091
What are the prime factors of 785330?
2, 5, 7, 13, 863
What are the prime factors of 1544039?
7, 31511
List the prime factors of 1666449.
3, 185161
List the prime factors of 5342301.
3, 17, 103, 113
What are the prime factors of 3105213?
3, 947, 1093
List the prime factors of 3642597.
3, 7, 19273
What are the prime factors of 41705?
5, 19, 439
List the prime factors of 960431.
19, 50549
What are the prime factors of 366926?
2, 7, 26209
What are the prime factors of 11709634?
2, 17, 479, 719
List the prime factors of 6675389.
7, 227, 4201
What are the prime factors of 427212?
2, 3, 11867
What are the prime factors of 298390?
2, 5, 53, 563
List the prime factors of 6948160.
2, 5, 21713
What are the prime factors of 3154669?
7, 64381
What are the prime factors of 917021?
7, 269, 487
What are the prime factors of 9719048?
2, 71, 241
What are the prime factors of 2927511?
3, 239, 1361
List the prime factors of 1312711.
509, 2579
What are the prime factors of 510402?
2, 3, 257, 331
List the prime factors of 25450288.
2, 1590643
What are the prime factors of 822348?
2, 3, 53, 431
List the prime factors of 377440.
2, 5, 7, 337
What are the prime factors of 545467?
13, 41959
List the prime factors of 293755.
5, 7, 11, 109
What are the prime factors of 172202?
2, 29, 2969
List the prime factors of 216187.
53, 4079
List the prime factors of 694495.
5, 138899
What are the prime factors of 1117811?
1117811
List the prime factors of 15492530.
2, 5, 107, 14479
List the prime factors of 3779832.
2, 3, 7, 149, 151
List the prime factors of 7605916.
2, 23, 47, 1759
What are the prime factors of 46144?
2, 7, 103
What are the prime factors of 5623240?
2, 5, 7, 19, 151
What are the prime factors of 8610544?
2, 538159
List the prime factors of 9693883.
811, 11953
List the prime factors of 2960332.
2, 149, 4967
List the prime factors of 135568.
2, 37, 229
List the prime factors of 290194.
2, 373, 389
List the prime factors of 2459018.
2, 19, 163, 397
List the prime factors of 82329.
3, 13, 2111
List the prime factors of 3145545.
3, 5, 13, 19, 283
What are the prime factors of 14824182?
2, 3, 2470697
List the prime factors of 23608389.
3, 7, 1124209
What are the prime factors of 115?
5, 23
List the prime factors of 700161.
3, 7, 11, 433
List the prime factors of 613159.
103, 5953
List the prime factors of 1336846.
2, 7, 17, 41, 137
What are the prime factors of 2198123?
103, 21341
List the prime factors of 4535883.
3, 11, 45817
What are the prime factors of 51239?
51239
List the prime factors of 754798.
2, 11, 3119
List the prime factors of 9142792.
2, 89, 12841
List the prime factors of 889458.
2, 3, 148243
What are the prime factors of 2551757?
13, 19, 10331
List the prime factors of 4645681.
4645681
List the prime factors of 396035.
5, 103, 769
What are the prime factors of 198696?
2, 3, 17, 487
List the prime factors of 7519837.
13, 347, 1667
List the prime factors of 8304409.
167, 49727
What are the prime factors of 11120874?
2, 3, 1853479
List the prime factors of 181411.
37, 4903
What are the prime factors of 266202?
2, 3, 23, 643
What are the prime factors of 33628253?
73, 101, 4561
What are the prime factors of 71330?
2, 5, 7, 1019
What are the prime factors of 6338254?
2, 13, 433, 563
List the prime factors of 78860.
2, 5, 3943
What are the prime factors of 527129?
527129
What are the prime factors of 19711008?
2, 3, 89, 769
List the prime factors of 418726.
2, 7, 11, 2719
List the prime factors of 914047.
914047
List the prime factors of 3807944.
2, 7, 53, 1283
List the prime factors of 1205175.
3, 5, 16069
List the prime factors of 66693.
3, 11, 43, 47
List the prime factors of 687954.
2, 3, 114659
What are the prime factors of 1080069?
3, 360023
List the prime factors of 326574.
2, 3, 18143
List the prime factors of 2789089.
2789089
List the prime factors of 1634703.
3, 7, 17, 19, 241
What are the prime factors of 1869817?
1063, 1759
List the prime factors of 505653.
3, 41, 4111
What are the prime factors of 1